0202002211
Convert -3990 (base 12) to base 6.
-50300
Convert 10110110100101 (base 2) to base 7.
46032
What is 110111011 (base 2) in base 5?
3233
1210112201 (base 3) to base 5
2113024
What is 640 (base 9) in base 16?
20a
48ba (base 12) to base 2
10000000001110
Convert 1011000 (base 2) to base 10.
88
2424 (base 5) to base 9
444
-2332 (base 5) to base 14
-1a6
What is 120430 (base 5) in base 9?
6138
What is -33142 (base 9) in base 15?
-67ae
Convert 40271 (base 9) to base 4.
12131212
What is -11001001111111 (base 2) in base 10?
-12927
What is 104214 (base 7) in base 9?
27070
What is -7a1 (base 16) in base 14?
-9d7
297 (base 15) to base 8
1120
What is 4760 (base 12) in base 3?
101222000
Convert 101122 (base 3) to base 12.
1bb
3102 (base 5) to base 16
192
130 (base 6) to base 15
39
-15bcc (base 13) to base 6
-520245
Convert 11122000 (base 3) to base 13.
16c8
Convert 5a (base 14) to base 11.
73
Convert 127 (base 11) to base 5.
1100
What is 4003 (base 5) in base 4?
13313
What is -14314 (base 8) in base 5?
-200343
302421 (base 6) to base 5
1231132
What is -3379 (base 11) in base 12?
-26a2
677 (base 10) to base 2
1010100101
Convert -3455 (base 9) to base 13.
-1220
What is -418 (base 11) in base 7?
-1316
Convert -257 (base 14) to base 11.
-397
What is -225 (base 12) in base 2?
-100111101
Convert 2019 (base 11) to base 16.
a7a
-9429 (base 12) to base 4
-3330201
4032 (base 6) to base 11
734
What is 11765 (base 8) in base 9?
7006
Convert -a9b (base 12) to base 8.
-3027
Convert a41 (base 11) to base 8.
2347
Convert 2470 (base 10) to base 4.
212212
What is -a50 (base 11) in base 10?
-1265
-4463 (base 10) to base 9
-6108
What is 313 (base 11) in base 13?
230
What is -10010111001 (base 2) in base 4?
-102321
Convert -3032 (base 4) to base 6.
-542
Convert -2607 (base 16) to base 15.
-2d40
-306 (base 13) to base 9
-630
What is 3583 (base 10) in base 7?
13306
Convert 36775 (base 8) to base 6.
201245
-1313331 (base 5) to base 4
-12113223
What is 150 (base 14) in base 6?
1122
Convert -121045 (base 6) to base 4.
-2211311
Convert -33e (base 16) to base 7.
-2264
What is 3367 (base 15) in base 14?
3d85
Convert -27320 (base 13) to base 2.
-10001110101001010
What is -1e9 (base 15) in base 14?
-23a
What is 304131 (base 5) in base 15?
2e11
What is -33036 (base 7) in base 5?
-231014
Convert -a079 (base 15) to base 6.
-420440
-7306 (base 8) to base 10
-3782
What is -1308 (base 10) in base 14?
-696
Convert 21211 (base 6) to base 14.
10a3
Convert 27995 (base 10) to base 11.
1a040
-16065 (base 8) to base 10
-7221
Convert -55355 (base 9) to base 14.
-d567
What is -2113212 (base 4) in base 12?
-5746
Convert -490 (base 10) to base 3.
-200011
Convert -310522 (base 6) to base 15.
-7548
-341 (base 6) to base 5
-1013
Convert 526 (base 16) to base 14.
6a2
-1261 (base 7) to base 10
-484
What is -ab (base 13) in base 10?
-141
What is -100010001110 (base 2) in base 12?
-1326
What is -15240 (base 6) in base 7?
-10131
210 (base 14) to base 6
1514
-33 (base 15) to base 5
-143
Convert 34404 (base 6) to base 12.
2a04
What is 1000 (base 2) in base 11?
8
Convert -728 (base 9) to base 3.
-210222
Convert -16d (base 14) to base 12.
-205
Convert -21212 (base 4) to base 12.
-432
-25b8 (base 14) to base 8
-14746
-4402 (base 5) to base 16
-25a
What is -1323022 (base 4) in base 13?
-3784
Convert 1a85 (base 11) to base 9.
3546
Convert -3205 (base 10) to base 15.
-e3a
1101000001 (base 2) to base 3
1010212
23 (base 10) to base 9
25
What is -18438 (base 10) in base 13?
-8514
-1c82 (base 16) to base 6
-53442
-871 (base 11) to base 5
-13141
What is 2021022 (base 3) in base 8?
3167
What is -271 (base 15) in base 14?
-2ba
24256 (base 9) to base 11
11234
What is -10554 (base 9) in base 12?
-4087
What is -19337 (base 10) in base 7?
-110243
What is 14755 (base 8) in base 3?
100002211
22c (base 15) to base 16
1ec
22003 (base 5) to base 13
8b8
What is 22233 (base 8) in base 2?
10010010011011
What is -8243 (base 10) in base 5?
-230433
2323033 (base 4) to base 16
2ecf
Convert -4402 (base 5) to base 13.
-374
What is -3a8b (base 14) in base 2?
-10100001001011
Convert -395 (base 12) to base 7.
-1406
Convert 1011110101101001 (base 2) to base 7.
261240
129 (base 11) to base 12
108
8784 (base 11) to base 15
3677
Convert -4d0 (base 15) to base 13.
-663
-1421 (base 5) to base 10
-236
71b (base 13) to base 11
9a8
-100100111 (base 2) to base 16
-127
-15085 (base 9) to base 12
-5b4b
Convert 12323322 (base 4) to base 3.
1102222020
-644b (base 14) to base 13
-7b5c
Convert 37 (base 15) to base 12.
44
-2034 (base 9) to base 8
-2721
2cd (base 16) to base 11
5a2
Convert 3155 (base 16) to base 10.
12629
Convert 120121120 (base 3) to base 15.
358c
Convert -1010120 (base 3) to base 10.
-825
What is 280 (base 9) in base 10?
234
What is 47960 (base 10) in base 11?
33040
Convert -11101000001 (base 2) to base 4.
-131001
What is 423a3 (base 12) in base 8?
251653
Convert -14b (base 15) to base 7.
-602
-2071 (base 10) to base 8
-4027
Convert -1745 (base 9) to base 4.
-110321
-3 (base 13) to base 15
-3
-118 (base 15) to base 12
-188
-2432 (base 11) to base 9
-4324
Convert 1366 (base 9) to base 12.
720
Convert -11110110 (base 2) to base 14.
-138
-11223201 (base 4) to base 10
-23265
Convert 136a3 (base 13) to base 14.
d32b
-683f (base 16) to base 3
-1100121102
What is -4372 (base 8) in base 12?
-13b6
What is 202022102 (base 3) in base 10?
14807
What is 353b (base 16) in base 8?
32473
-1110111100011 (base 2) to base 16
-1de3
22b3 (base 13) to base 15
16a3
Convert -22487 (base 11) to base 12.
-169a3
Convert -2cb1 (base 13) to base 15.
-1e2b
Convert -2056 (base 10) to base 4.
-200020
Convert -218 (base 15) to base 10.
-473
-54370 (base 10) to base 16
-d462
3130343 (base 5) to base 11
36059
Convert -20222100 (base 3) to base 10.
-5085
What is -42695 (base 10) in base 8?
-123307
-1576 (base 8) to base 15
-3e9
What is 250 (base 12) in base 16?
15c
393 (base 11) to base 4
13101
Convert 345 (base 10) to base 16.
159
Convert 11101111000110 (base 2) to base 8.
35706
386 (base 15) to base 3
1002200
123151 (base 6) to base 7
44212
-111a5 (base 15) to base 9
-82532
Convert -111100101101010 (base 2) to base 8.
-74552
What is 85 (base 9) in base 5?
302
110010 (base 4) to base 2
10100000100
What is 20230 (base 4) in base 10?
556
Convert -9021 (base 14) to base 12.
-12385
-11010110111001 (base 2) to base 15
-411d
-17a2 (base 12) to base 13
-13bb
What is 2122 (base 12) in base 7?
13400
What is -27247 (base 9) in base 8?
-43776
What is 923d (base 15) in base 3?
1120100211
Convert 40 (base 15) to base 11.
55
What is 568 (base 10) in base 16?
238
-91c7 (base 13) to base 4
-10322021
What is 174 (base 13) in base 5?
2024
What is 10010 (base 3) in base 14?
60
12000001 (base 3) to base 15
1131
-1011010111 (base 2) to base 12
-507
Convert 158b (base 14) to base 13.
199c
13330022 (base 4) to base 3
1122121112
1030 (base 5) to base 14
a0
-24125 (base 13) to base 9
-110615
What is -1511 (base 6) in base 4?
-12103
-7697 (base 11) to base 5
-311044
-121846 (base 9) to base 4
-101331312
What is 20213220 (base 4) in base 3?
1210102120
65 (base 11) to base 3
2122
What is 10110100000110 (base 2) in base 16?
2d06
-2833 (base 12) to base 10
-4647
What is -11120101 (base 3) in base 12?
-1b17
-2223 (base 6) to base 4
-20013
Convert -2212 (base 4) to base 7.
-325
-2221 (base 5) to base 2
-100110111
1257 (base 11) to base 10
1635
Convert 745 (base 14) to base 7.
4115
Convert 215 (base 8) to base 10.
141
What is -1325 (base 10) in base 13?
-7ac
Convert -524 (base 10) to base 5.
-4044
What is -1110111101 (base 2) in base 16?
-3bd
What is -13032111 (base 4) in base 16?
-7395
1052 (base 9) to base 6
3332
150 (base 13) to base 4
3222
-1332012 (base 4) to base 9
-12056
What is a94 (base 14) in base 3?
2212102
100012220 (base 3) to base 16
1a40
-311046 (base 7) to base 13
-1b2a3
10001 (base 12) to base 14
77b3
What is 307 (base 12) in base 3?
121021
Convert 1101022 (base 3) to base 15.
472
What is -11635 (base 10) in base 13?
-53b0
What is -2 (base 3) in base 9?
-2
What is 8b0 (base 12) in base 5?
20114
Convert 34323 (base 6) to base 4.
1030023
Convert -101331 (base 5) to base 9.
-4522
-4403 (base 5) to base 9
-740
-77a (base 12) to base 9
-1454
What is 1f44 (base 16) in base 15?
2589
Convert